{"id":22,"date":"2019-06-04T21:38:05","date_gmt":"2019-06-04T19:38:05","guid":{"rendered":"http:\/\/dia-succari.com\/site\/?page_id=22"},"modified":"2019-08-30T14:03:29","modified_gmt":"2019-08-30T12:03:29","slug":"biographie-fr","status":"publish","type":"page","link":"http:\/\/dia-succari.com\/site\/biographie-fr\/","title":{"rendered":"Biographie FR"},"content":{"rendered":"<div id=\"pl-gb22-6a05c0e2b1323\"  class=\"panel-layout\" ><div id=\"pg-gb22-6a05c0e2b1323-0\"  class=\"panel-grid panel-no-style\" ><div id=\"pgc-gb22-6a05c0e2b1323-0-0\"  class=\"panel-grid-cell\" ><div id=\"panel-gb22-6a05c0e2b1323-0-0-0\" class=\"so-panel widget widget_sow-image panel-first-child panel-last-child\" data-index=\"0\" ><div class=\"so-widget-sow-image so-widget-sow-image-default-4b231843ec72\">\r\n\r\n<div class=\"sow-image-container\">\r\n\t<img loading=\"lazy\" src=\"http:\/\/dia-succari.com\/site\/wp-content\/uploads\/2019\/07\/dia-succari.jpg\" width=\"340\" height=\"285\" srcset=\"http:\/\/dia-succari.com\/site\/wp-content\/uploads\/2019\/07\/dia-succari.jpg 340w, http:\/\/dia-succari.com\/site\/wp-content\/uploads\/2019\/07\/dia-succari-300x251.jpg 300w\" sizes=\"(max-width: 340px) 100vw, 340px\" alt=\"\" \t\tclass=\"so-widget-image\"\/>\r\n<\/div>\r\n\r\n<\/div><\/div><\/div><div id=\"pgc-gb22-6a05c0e2b1323-0-1\"  class=\"panel-grid-cell\" ><div id=\"panel-gb22-6a05c0e2b1323-0-1-0\" class=\"so-panel widget widget_sow-editor panel-first-child panel-last-child\" data-index=\"1\" ><div class=\"so-widget-sow-editor so-widget-sow-editor-base\">\n<div class=\"siteorigin-widget-tinymce textwidget\">\n\t<p>N\u00e9 \u00e0 Alep, (Syrie) en 1938, il commence l&rsquo;\u00e9tude du violon avec son p\u00e8re et un professeur russe Micha\u00ebl Boricenko. Ag\u00e9 de 13 ans, il quitte sa famille et la Syrie, vient s&rsquo;installer avec son fr\u00e8re Nejmi (12 ans) \u00e0 Paris, poursuivre ses \u00e9tudes au Conservatoire National Sup\u00e9rieur de Musique. Il y obtient ses premiers prix : Harmonie (1960), Contrepoint et fugue (1961), Composition (1965) et Direction d&rsquo;orchestre (Henri Challan, Marcel Bitsch, Jeanine Rueff, No\u00ebl Gallon, Tony Aubin, Olivier Messiaen, Robert Blot, Manuel Rosenthal).<\/p>\n<p>De 1967 \u00e0 2003, il partage son temps entre <strong>la composition, la direction d&rsquo;orchestre et le professorat<\/strong> : Professeur d&rsquo;Harmonie au Conservatoire de DAMAS, Professeur de Formation Musicale au Conservatoire de Suresnes (et classes d&rsquo;Harmonie), Professeur d&rsquo;Ecriture (harmonie, contrepoint) et d&rsquo;analyse harmonique au Conservatoire Sup\u00e9rieur de Paris CNR. Charg\u00e9 de cours \u00e0 l&rsquo;Universit\u00e9 de Paris Sorbonne U.E.R. de Musique et de Musicologie.<\/p>\n<p>De 1980 \u00e0 1996 <strong>Membre de la Commission P\u00e9dagogique aupr\u00e8s de la F\u00e9d\u00e9ration Nationale des Conservatoires. Auteur des Textes des Examens d&rsquo;Harmonie du Conservatoire Sup\u00e9rieur de Paris<\/strong> et d&rsquo;Oeuvres impos\u00e9es aux examens et concours de fin d&rsquo;ann\u00e9e dans plusieurs pays. <strong>Distinctions<\/strong> : M\u00e9dailles d&rsquo;Honneur R\u00e9gionale, D\u00e9partementale et Communale, M\u00e9dailles d&rsquo;Argent de la ville de Suresnes, M\u00e9dailles d&rsquo;argent de la ville d&rsquo;Alep en 2010.<br \/>\n<strong>Auteur d&rsquo;ouvrages didactiques et d&rsquo;oeuvres pour Instruments divers<\/strong>, Soliste et Orchestre, Orchestre \u00e0 Cordes, Orchestre de Chambre, publi\u00e9s aux Editions BILLAUDOT, LEDUC, JOBERT, HAMELLE, HARPOSPHERE, et FERTILE PLAINE.<br \/>\nSon s\u00e9jour dans la classe d&rsquo;Olivier Messiaen lui a<\/p>\n<\/div>\n<\/div><\/div><\/div><div id=\"pgc-gb22-6a05c0e2b1323-0-2\"  class=\"panel-grid-cell\" ><div id=\"panel-gb22-6a05c0e2b1323-0-2-0\" class=\"so-panel widget widget_sow-editor panel-first-child panel-last-child\" data-index=\"2\" ><div class=\"so-widget-sow-editor so-widget-sow-editor-base\">\n<div class=\"siteorigin-widget-tinymce textwidget\">\n\t<p>permis de d\u00e9couvrir la libert\u00e9 sans pour autant se d\u00e9faire de l&#8217;empreinte de la belle musique celle de Faur\u00e9, Debussy, Ravel&#8230; Ses oeuvres sont \u00e9crites dans un langage musical universel, inspir\u00e9 des th\u00e8mes et \u00e9l\u00e9ments rythmiques appartenant \u00e0 la musique traditionnelle orientale. <strong>Il a utilis\u00e9 des instruments du proche orient dans YAZKA<\/strong> (kanoun, nay, oud, bouzouk), cr\u00e9\u00e9e \u00e0 la t\u00e9l\u00e9vision de Damas et les sonorit\u00e9s de la langue arabe comme instrument de musique dans <strong>OUBLIE CE QUE TU AS APPRIS<\/strong>\u00a0(textes en arabe d&rsquo;auteurs <strong>Soufis du IX au XIII si\u00e8cle<\/strong>), pr\u00e9sent\u00e9e \u00e0 la <strong>Tribune Internationale des Compositeurs<\/strong> \u00e0 l&rsquo;UNESCO.<\/p>\n<p>Dans <strong>CAHIER DES LEGENDES<\/strong>, quelques pi\u00e8ces ont \u00e9t\u00e9 cr\u00e9\u00e9es sur un <strong>PIANO A QUART DE TON<\/strong> \u00e0 l&rsquo;UNESCO \u00e0 Paris. <strong>IMAGE D&rsquo;ANTIQUITE<\/strong> est \u00e9crite dans le mode qui r\u00e9unit le pentacorde Athar Kindi et le t\u00e9tracorde Hidjaz. Il a adapt\u00e9 dans \u00ab\u00a0<strong>LA PLUIE QU&rsquo;ONT VERSEE LES ETOILES<\/strong>\u00a0\u00bb le po\u00e8me ougaritique de Baal et Anat, dans <strong>DIADEME<\/strong> un texte des Mille et une Nuits et dans <strong>ROUBAYATES<\/strong> des po\u00e8mes d&rsquo;Omar Khayam.<\/p>\n<p>Quelques unes de ses oeuvres ont \u00e9t\u00e9 cr\u00e9es en France par des orchestres renomm\u00e9s : l&rsquo;\u00e9tincelle de silex (<strong>SACT EL ZIND<\/strong>) par Andr\u00e9 Girard \u00e0 l&rsquo;ORTF, <strong>BAAL ET ANAT<\/strong> par Pierre Menet, th\u00e9\u00e2tre G\u00e9rard Philipe St Denis, <strong>SPLENDEURS OUBLIEES<\/strong> par Robert Blot, salle Gaveau, <strong>VENTS DES SABLES<\/strong>\u00a0 par HC Fantapi\u00e9.<\/p>\n<p><strong>Quintette pour le festival de Damas<\/strong> a \u00e9t\u00e9 cr\u00e9\u00e9 \u00e0 l&rsquo;Op\u00e9ra de Damas en 2008 (clarinettiste : Kinan Azmeh).<\/p>\n<\/div>\n<\/div><\/div><\/div><\/div><\/div>","protected":false},"excerpt":{"rendered":"","protected":false},"author":1,"featured_media":0,"parent":0,"menu_order":0,"comment_status":"closed","ping_status":"closed","template":"","meta":[],"_links":{"self":[{"href":"http:\/\/dia-succari.com\/site\/wp-json\/wp\/v2\/pages\/22"}],"collection":[{"href":"http:\/\/dia-succari.com\/site\/wp-json\/wp\/v2\/pages"}],"about":[{"href":"http:\/\/dia-succari.com\/site\/wp-json\/wp\/v2\/types\/page"}],"author":[{"embeddable":true,"href":"http:\/\/dia-succari.com\/site\/wp-json\/wp\/v2\/users\/1"}],"replies":[{"embeddable":true,"href":"http:\/\/dia-succari.com\/site\/wp-json\/wp\/v2\/comments?post=22"}],"version-history":[{"count":20,"href":"http:\/\/dia-succari.com\/site\/wp-json\/wp\/v2\/pages\/22\/revisions"}],"predecessor-version":[{"id":408,"href":"http:\/\/dia-succari.com\/site\/wp-json\/wp\/v2\/pages\/22\/revisions\/408"}],"wp:attachment":[{"href":"http:\/\/dia-succari.com\/site\/wp-json\/wp\/v2\/media?parent=22"}],"curies":[{"name":"wp","href":"https:\/\/api.w.org\/{rel}","templated":true}]}}